is the remainder when 62 is divided by j?
10
Suppose 0 = s - 43 + 14. Let t(k) = -k**2 - 11*k - 15. What is the remainder when s is divided by t(-5)?
14
Let u = 214 + -125. Suppose 0 = -2*q + 4, -3*q + 30 = g + 1. What is the remainder when u is divided by g?
20
Suppose 3 = -4*b + 7. What is the remainder when 18/(-8)*(-12)/b is divided by 14?
13
Suppose 16 + 9 = 5*g + 3*n, 4*n = g + 18. Suppose 7*j + 21 = 14*j. What is the remainder when j is divided by g?
1
What is the remainder when (-2)/((-4)/346) + 5 is divided by 20?
18
Suppose -14 = -0*v - 2*v. Suppose 3*a - 20 = 37. Calculate the remainder when a is divided by v.
5
Let i(l) = -l**3 - 5*l**2 + 4*l - 6. What is the remainder when i(-6) is divided by -6*(4/6 + -1)?
0
Let u(k) = -k**2 - 24*k - 23. Calculate the remainder when u(-17) is divided by 50.
46
Let f be ((-1)/2)/(1/(-34)). Suppose f = 2*b - 3. What is the remainder when 37 is divided by b?
7
Suppose 2*d + 17 = -3*x, 5 = -5*d - 3*x - 24. Let f(i) = i**3 - 2*i**2. Let g be f(1). Let b = g - d. What is the remainder when 8 is divided by b?
2
Suppose 13 - 5 = 2*j. Suppose 0 = -4*g - 0*g + 44. Calculate the remainder when g is divided by j.
3
Suppose 9 = -2*o + 3*o. Let r = o + -4. Calculate the remainder when r is divided by 2.
1
Let b(r) = 2*r + 2. Let g(a) = a - 1. Suppose -w = -3*w + 12. Let i(n) = w*g(n) + 3*b(n). What is the remainder when i(1) is divided by 7?
5
What is the remainder when ((-4)/10)/((-6)/870) is divided by 16?
10
Suppose -6*i + 0*i = -114. Calculate the remainder when 112 is divided by i.
17
Suppose 12 = -4*a, -2*u + 1 = -0*u + a. What is the remainder when 8 is divided by u?
0
Let s(g) = 2*g**3 - 3*g**2 + g - 4. What is the remainder when s(4) is divided by 27?
26
Suppose -12 = -2*v + 10. Suppose -3*h + 49 = -v. Calculate the remainder when 57 is divided by h.
17
Let m = 60 + 81. What is the remainder when m is divided by 36?
33
What is the remainder when -68*((-1)/6)/((-2)/(-3)) is divided by 8/6*(-30)/(-4)?
7
Let r(d) = 85*d**3 - d + 1. Suppose -5*s + 110 = -k, 3*k - 4*k = 2*s - 44. What is the remainder when r(1) is divided by s?
19
Suppose -2*l + 5*u = -60, 4*l - 93 - 27 = -3*u. What is the remainder when l is divided by 18?
12
Suppose h + 1 - 8 = 0. Let j = 84 + -50. Let y = -21 + j. Calculate the remainder when y is divided by h.
6
Suppose 0 = -18*r + 7*r + 363. Calculate the remainder when r is divided by 6.
3
Suppose 0 = -x + 2*x - 7. Suppose i + 4 = x. Let o = -15 + 22. Calculate the remainder when o is divided by i.
1
Calculate the remainder when 5/(-40) - 482/(-16) is divided by 11.
8
Suppose 0 = -0*m + 3*m + 75. Let a = 37 + m. What is the remainder when 46 is divided by a?
10
Let w(p) = 2*p**2 - 6*p - 1. Let g be (6/(-10))/(2/(-310)). Let v = g - 56. What is the remainder when v is divided by w(5)?
18
Suppose q - 1 = 20. Calculate the remainder when 41 is divided by q.
20
Suppose a = 3*a - 4*b - 8, 2*a = -3*b + 1. Let r = 34 + 39. Suppose 2*h = -3*c - a + 34, 5*h + 4*c = r. Calculate the remainder when h is divided by 5.
3
Suppose -32 = -0*s - 4*s. Let j(h) = -9*h + 1. Let p be j(-2). Suppose 4*f - 4*a - 28 = 0, -a - p = -5*f - 0*a. Calculate the remainder when s is divided by f.
2
Let g = -2 + 3. Let s(l) = -5*l. What is the remainder when s(-5) is divided by g + -1 + (-26)/(-2)?
12
Calculate the remainder when 29 - (-2)/(2/5) is divided by 18.
16
Let t(s) = -s**3 - 2*s + 16. Calculate the remainder when t(0) is divided by 9.
7
Suppose 3*k + 12 = -15. Let t = k + 11. Calculate the remainder when (15/(-6))/(2/(-4)) is divided by t.
1
Suppose 2*h - 31 = h. Let t = h - 18. Suppose 3*m - t - 11 = 0. Calculate the remainder when 14 is divided by m.
6
Let n(a) = 7*a**3 + a**2. Calculate the remainder when 14 is divided by n(1).
6
Let h(y) = 12*y**2 + 8*y + 3. What is the remainder when h(-3) is divided by 30?
27
Let r(z) = 3*z - 5. Let x be r(5). Let i = 29 - x. What is the remainder when 56 is divided by i?
18
Suppose 4*k - p = 196, -165 - 73 = -5*k + 3*p. Let x = -102 + 268. What is the remainder when k is divided by x/10 - (-10)/25?
16
Suppose -5*p + 77 = -4*w, 0 = 4*p + 3*w - 35 - 8. Calculate the remainder when 0 + 1 - (-46)/2 is divided by p.
11
Suppose -3*q - 45 = -8*q. Calculate the remainder when 14 is divided by q.
5
Suppose 1415 + 1105 = 18*g. What is the remainder when g is divided by 47?
46
Suppose -8*r = -4*r + 128. Let c = -20 - r. Calculate the remainder when 47 is divided by c.
11
Let v = 53 + -45. Calculate the remainder when v is divided by 2.
0
Let o(g) = 10*g. Suppose 0 = v + r - 23, 0 = -v + 2*r + r + 27. Let h = 5 + v. Calculate the remainder when h is divided by o(1).
9
Let z(t) = -t**2 + t + 22. Let j be z(0). Suppose -3*o - 7 + j = 0. What is the remainder when 9 is divided by o?
4
Calculate the remainder when 77 is divided by 13/(18/52 - (-6)/39).
25
Let z = -14 - -22. Calculate the remainder when 13 is divided by z.
5
Let y(g) = -2 - 15*g**3 - 2 + 6*g**3 + 3. Calculate the remainder when 21 is divided by y(-1).
5
Let w(b) = b**2 - b + 5. Let t be w(0). Suppose -4*p + t*p = 22. What is the remainder when 65 is divided by p?
21
Let n = 74 - 124. Let f = 100 + n. What is the remainder when f is divided by -3*(-3 + 24/(-9))?
16
Suppose -4*q = 2*h - 20, -4*q + 0*h + 44 = -4*h. Calculate the remainder when 11 is divided by q.
4
Let y = -69 + 77. Calculate the remainder when 18 is divided by y.
2
Let a = -27 + 42. Suppose 2 = -q + a. What is the remainder when 23 is divided by q?
10
Suppose 0 = 7*q - q - 162. Calculate the remainder when q is divided by 17.
10
Let v(j) = j**3 - 10*j**2 + 10*j - 2. Calculate the remainder when 11 is divided by v(9).
4
Let g(x) = x**2 + 13*x + 5. Let q(h) = h + 1. Let f(l) = -g(l) + 6*q(l). Suppose -3*p + 13 = -47. What is the remainder when p is divided by f(-5)?
9
Suppose -c + 5*w - 10 = -5*c, 18 = 2*c - 4*w. Suppose -x + c = -58. Suppose -5*i = 2*a - x, a = -5*i - 14 + 43. Calculate the remainder when a is divided by 12.
10
Let w(c) = c**3 - 10*c**2 + 11*c - 2. Calculate the remainder when 46 is divided by w(9).
14
Let k(m) be the second derivative of m**3/3 - 3*m**2 - 4*m. What is the remainder when 4 is divided by k(4)?
0
Let w(t) = t**2 + 14*t + 28. What is the remainder when w(-17) is divided by 20?
19
Let l = 2 - -6. What is the remainder when 23 is divided by l?
7
Suppose -53 - 142 = -5*a. Calculate the remainder when a is divided by 8.
7
Suppose 5*b + 0*b - 100 = -5*n, -5*b = 3*n - 102. Calculate the remainder when b is divided by 21.
0
Let p(f) = f**3 + 34*f**2 + 35*f + 71. Suppose -32 = -3*g + 4. Calculate the remainder when g is divided by p(-33).
2
Let l = -1 - -29. Let f(q) be the third derivative of -q**6/120 + q**5/15 + q**4/8 - q**3/3 - 2*q**2. Calculate the remainder when l is divided by f(4).
8
Let p be (-2)/((-5)/(165/(-2))). Let j = 59 + p. Calculate the remainder when 102 is divided by j.
24
Let z be 0/(-2)*(-4)/(-8). What is the remainder when z - -1*(-4)/(-4) is divided by 1?
0
Suppose -10*r = -6*r - 12. What is the remainder when 14 is divided by r?
2
Let t(c) = c**2 - 6*c + 5. Calculate the remainder when 22 is divided by t(6).
2
Let m = 6 - -14. What is the remainder when 197 is divided by m?
17
Suppose -5*o + 22 = 3*i, 4*o + 0*o + 12 = 5*i. Suppose 3*a - 4*g = 43, -o*g - 4 = a - 5. Let u = 24 - a. What is the remainder when u is divided by 6?
3
Let n = 14 + 12. Calculate the remainder when -2 - (3 + -1 - n) is divided by 12.
10
Suppose 50 - 2 = 4*a. What is the remainder when 45 is divided by a?
9
Suppose 0 = 3*r - 4*r + 16. Suppose -119*n + 385 = -114*n. What is the remainder when n is divided by r?
13
Suppose -c - 5*r + 15 = -6*r, 2*c + 2*r - 50 = 0. What is the remainder when 58 is divided by c?
18
Let a = -68 + 117. Suppose 9*l + 34 = 11*l. What is the remainder when a is divided by l?
15
Suppose 0 = 2*b + 8, 4*s + 0*b + 8 = -2*b. Let f(t) be the second derivative of t**4/12 + 17*t**2/2 + 3*t. What is the remainder when 32 is divided by f(s)?
15
Suppose 0 = -5*j + 4*g + 562, -2*j = -g - 65 - 161. What is the remainder when j is divided by 9?
6
Let p = 48 + -19. Suppose 0 = -2*g - v + p, 5*v = -4 - 1. What is the remainder when 43 is divided by g?
13
Let n be -2 - (-2 - -3 - 2). What is the remainder when 17 is div